hat is the hundreds digit of (-8093)/((8/140)/(102/(-255)))?
6
Let f be 34/119 + (-3)/(21/(-19)). Suppose -7*a = -f*a - 116. Let c = 128 + a. What is the units digit of c?
7
Suppose -125*d - 36*d = -86296. What is the tens digit of d?
3
What is the tens digit of ((-14388)/(-2))/(((-6930)/(-675))/77)?
5
Let n be (-360)/(-25) - 9 - 3/(-5). Suppose 2539 - 397 = n*m. What is the units digit of m?
7
Suppose -29*q - 15*q + 630936 = 10*q. What is the ten thousands digit of q?
1
Let r = -682 + 4336. Suppose 2*l - r = -5*m, 0 = 2*m - 3*m - 4*l + 720. Suppose 6*i + 0*i - m = 0. What is the tens digit of i?
2
Suppose 115*d = 127*d - 46632. What is the thousands digit of d?
3
Let u be 3 - (-3 - 159)/3. Suppose 4*l + 0*l + 118 = -2*d, l + u = 5*d. What is the hundreds digit of l/3*(-759)/44?
1
Let p = -9 + 890. What is the units digit of p?
1
Suppose -9*s + 6*s = -6. What is the hundreds digit of (755 - -4 - -5)/s?
3
Let r(w) = -236*w**2 - 22*w - 26. Let s(g) = 79*g**2 + 8*g + 9. Let o(q) = -4*r(q) - 11*s(q). What is the hundreds digit of o(3)?
6
Suppose -5*v = -2*b + 15614, -4*v = -67 + 83. What is the hundreds digit of b?
7
Let f = -23148 - -41028. What is the hundreds digit of f?
8
What is the ten thousands digit of ((-26895)/330)/(1/(-370))?
3
Let x(j) = -6*j**3 + 7*j**2 + 59*j + 595. What is the ten thousands digit of x(-18)?
3
Suppose -88*u + 47*u + 52890 = 0. Suppose 5*x - 5620 = -5*b - u, 4*x + 3456 = 4*b. What is the tens digit of b?
6
Let p(y) = 249*y + 2613. What is the tens digit of p(17)?
4
Let w = 199 - 194. Suppose w*y - 260 = 4*l, -5*l - 9 = -34. What is the units digit of y?
6
Let h be 1 - (-1022)/7*1. Let u = h + -100. What is the tens digit of u?
4
Let x(b) = b**2 - 4*b. Suppose 2*k = -3*k + 25. Let p be x(k). Suppose 2*j - 2*z = j + 64, 0 = -p*z. What is the tens digit of j?
6
Let z = 51 - 53. Let d be (-5 + 0)/(z/6). What is the units digit of (-2)/d + (-9470)/(-150)?
3
Let c be (-225)/(-63) - 12/21. Suppose -264 = c*u + 138. Let l = u + 240. What is the units digit of l?
6
Let z be 1578/3 + 3 + -2. Let d = 1018 - z. Suppose -5*f + d = 4*k, 5*k = 2*f - 60 + 682. What is the tens digit of k?
2
Suppose 48539*q - 48545*q = -148158. What is the units digit of q?
3
Let u be -6*((-6)/(-4))/((-9)/(-4)). Let z be u/10 - ((-1632)/30)/(-4). What is the units digit of 2/z + (-1704)/(-21)?
1
What is the tens digit of (-10167)/(-1) + (-3 + -13)/(-8)?
6
Suppose 398*i - 394*i = 11988. Suppose -4*p - i = -9045. What is the tens digit of p?
1
Let v(b) = 3*b**3 + 60*b + 39. What is the tens digit of v(14)?
1
Let s(o) = o**3 + 2628. Let j be s(0). Suppose 5*x = -f + 5*f + j, 1053 = 2*x - f. What is the units digit of x?
8
Suppose 4*c - 12 = 0, g + 2 - 13 = -3*c. Suppose -342 = -4*m - g*l, -35 = -2*m - 5*l + 116. Suppose y + y = m. What is the tens digit of y?
4
Let x = 28080 + -15931. What is the ten thousands digit of x?
1
Let h(g) = 13*g**3 - 3*g**2 + 3*g + 5. Let z be h(5). Let m = -670 + z. What is the tens digit of m?
0
Let s(x) = -150 - 7*x + 238 + 39*x. What is the tens digit of s(20)?
2
Let c(w) = w**2 + 12*w - 33. Suppose 3*z + 15 = -5*s + 59, -3*s = -z - 18. What is the units digit of c(s)?
0
Let t = -1017 + 4411. What is the tens digit of t?
9
Let t = -50 + 55. Suppose -t*z = -c + 523, 3*c + z - 75 = 1542. What is the hundreds digit of c?
5
Let p(j) = 594*j - 35. Let a be p(6). Suppose -8*c - 281 = -a. What is the hundreds digit of c?
4
Let a = -51 - -56. Let b(g) = 2*g**2 - 14*g + 23. Let s be b(a). Suppose 2*w = s*w - 68. What is the units digit of w?
8
Let m = -43334 - -75709. What is the tens digit of m?
7
Let r be 149/1*(-6 - -1) + 1. Let p = 1137 + r. What is the hundreds digit of p?
3
Let f be 2826/27*6/4. Suppose -f = -n + 206. What is the units digit of n?
3
Suppose -y + 11*u = 407 - 2920, 3*y - 7615 = -5*u. What is the tens digit of y?
3
Let s = 41 - 4. Let z = s + -34. What is the tens digit of (z*(-12)/10)/(54/(-1260))?
8
Suppose -2*w + 251 = s, 4*w - 3*w = -4*s + 136. Let m = w - -211. What is the hundreds digit of m?
3
Suppose -47*v - 573676 + 1943275 = 74*v. What is the hundreds digit of v?
3
Let a(m) = m**3 + 3*m**2 - 5*m - 2. Let n be a(-4). Let t be (-9)/n*(-4 + 496/(-6)). Let s = t - 269. What is the tens digit of s?
2
Suppose 5*s + 2424 = -f, 0 = -s - 0*s + f - 480. Let p = s + 781. What is the hundreds digit of p?
2
Suppose 6*j - 3*j + 3*h - 2118 = 0, -5*j = -2*h - 3509. Let c = j + -403. What is the tens digit of c?
0
Let h(u) = -u**2 - 2*u + 3. Let z be h(0). Let m(p) = -4*p**3 + 0*p + p - 2*p**2 - 26*p**3 + 2 - 24*p**z. What is the units digit of m(-1)?
3
Let i be (-40)/(-12) + (-36)/27. What is the tens digit of (71 - 3)/i + (-80)/(-20)?
3
Let m(k) = -2*k - 7. Let g be m(-3). Let i(u) = -5*u - 2. Let f be i(g). Suppose c = 2*b - f*c - 102, -5*c + 15 = 0. What is the tens digit of b?
5
Let b(r) = -281*r - 42. Let y be b(12). Let j = -1999 - y. What is the units digit of j?
5
Let o(h) = 14*h**2 - 10*h + 62. Let x be o(5). Suppose -x = 3*s + 2*t - 1037, 0 = 5*t. What is the hundreds digit of s?
2
Let m = -202 - -206. What is the units digit of ((-482)/m)/((-2)/4)?
1
Suppose -17*w + 157659 = -193459. Suppose 1646 = -33*m + w. What is the tens digit of m?
7
Let d = 7627 + -781. What is the hundreds digit of d?
8
Suppose -x - 3*j + 6982 = -4*j, -2*x = 2*j - 13944. Suppose -5383 = -12*n + x. What is the tens digit of n?
3
Let t(b) = b**2 - 18*b + 30. Let f be t(13). Let k = 474 + f. What is the hundreds digit of k?
4
Let n = 14117 - 4090. What is the hundreds digit of n?
0
Let x(o) = o**2 + 34*o - 244. What is the tens digit of x(-49)?
9
Suppose -2*m = -7 + 3. Let w = 139 - 74. Suppose m*v - w = 81. What is the units digit of v?
3
Let f(o) = 10*o + 12 - 56*o + 2 - o**2 + 1 - 6*o. What is the units digit of f(-20)?
5
Suppose -15048 = -2*d - 4*t, -d + 6526 = 3*t - 994. What is the thousands digit of d?
7
Suppose -f - 2*r = -7*r - 3147, -3156 = -f - 4*r. What is the tens digit of f?
5
Suppose 50*h + 95*h + 28*h = 1560806. What is the thousands digit of h?
9
Suppose -5364005 = -287*y + 762400 + 154303. What is the tens digit of y?
8
Suppose 21*b = 17*b + 1440. Suppose 60 + b = 10*x. Suppose x*z - 278 = 40*z. What is the hundreds digit of z?
1
Let u(w) = 4*w - 7. Let h be (-24)/84 - (1 - (-508)/(-14)). Let k = -33 + h. What is the units digit of u(k)?
1
Let v = -5 - -5. Suppose -5*z + 3*t + 29 = v, 3*t - 45 = -5*z - 2*t. Suppose z*g = 5*g + 72. What is the tens digit of g?
3
Suppose -5558 - 48625 + 1173 = -18*k. What is the hundreds digit of k?
9
Let f be ((-69)/(-2))/((-15)/(-20)). Suppose -3*i = -4*j - 82, i - 5*j + 4 - f = 0. What is the units digit of i?
2
Suppose -4*d - 351 + 335 = 0, 2*d = s - 4394. What is the hundreds digit of s?
3
Suppose 0*j - 10 = -2*j - 2*d, 0 = -2*j + 3*d - 5. Suppose 0 = -3*v + 12, 3*n - j*v - 436 = -n. What is the tens digit of n?
1
Suppose -2*s = -2*o + 34868, -5*o + 3*s = -50215 - 36949. What is the thousands digit of o?
7
Let i(z) = 3*z**2 - 15*z + 14. Let s be i(5). What is the tens digit of 8/((-7)/((-7007)/s))?
7
Suppose -p + 137 = 4*n, 5*p - 610 = -2*n + 7*n. Let l = 485 - p. Suppose 7*i - l = i. What is the tens digit of i?
6
Let r = -26498 - -38786. What is the hundreds digit of r?
2
Suppose 770 = 5*s + 2*l, -3*s + 7*s + 5*l = 599. Suppose 158*c - 2526 = s*c. What is the hundreds digit of c?
2
Let g be 1369 + (-5 - (0 - (-1 - -3))). Suppose -9*k + 8579 = -g. Suppose 4*p = -5*j + k, -4*j + 4*p + p = -925. What is the tens digit of j?
2
Let u = 46 + -53. Let y(h) = -31*h - 19. Let d be y(u). Let q = d - 111. What is the units digit of q?
7
Let i(k) = -k**2 + 5*k + 5. Let w be i(-3). What is the tens digit of (-21)/((-399)/6610) - 2/w?
4
Let t(z) be the second derivative of -z**5/20 + 5*z**4/3 - 28*z**3/3 - 25*z**2/2 + 32*z. What is the tens digit of t(16)?
0
Let s = -273 - -2691. What is the tens digit of s?
1
Let z be 12*(-2 + 57/6). Let v = z + -22. Let c = v - 40. What is the tens digit of c?
2
Suppose 0 = -14*h + 10*h - 8. Let z(a) = 13*a**2 - 32*a - 31. Let r(m) = -4*m**2 + 11*m + 10. Let p(b) = h*z(b) - 7*r(b). What is the tens digit of p(10)?
6
Let l = -149 - -381. Suppose -p = 1 - 4, -g - 4*p + l = 0. What is the units digit of g?
0
Let p(k) = k**3 - 21*k**2 - 17*k - 31. Let o be